-5 + 0) - (19 - (-36 - -46)).
-19
What is the value of (0 - 9 - (-2 + 5 - 7) - -11) + -15?
-9
(24 - (50 - -61)) + 57
-30
What is the value of -35 + (-68 + 24 - -107)?
28
(11 + -1 - (-9 + 24)) + 5 + -32 + 0
-32
What is the value of (-5 - -3 - 5) + 28 + (-11 - 20) - -113?
103
What is the value of -19 - ((81 - -90) + -86)?
-104
Calculate (-94 - -115) + (-81 - (21 + -1 - 11)).
-69
What is (3 - 3) + 24 + -65 + 38?
-3
What is the value of (-3 - (2 + 3 + -1)) + (17560 - 17624)?
-71
What is the value of (0 - 55) + (33 - -1) + (3 - 26)?
-44
8 + -13 + 5 - (-90 - -28) - 8
54
Evaluate -41 + (4 - (-14 + 16 - -3)) + 15.
-27
Calculate (-14 - -3) + 34 + -34 + 77.
66
Evaluate -2 - (16 + -9) - (18 + 16).
-43
What is the value of -93 - (-4 + (-55 - -10))?
-44
-64 + 78 + (96 + 17 - -3)
130
What is (-105 + 83 - (12 - 96)) + -13 + 0?
49
What is the value of 26 + 1 + 72 + -34 + -71?
-6
32 + (-34 - -12) - (81 + (2 - 0) + 0)
-73
(0 - (3 + -5) - 17 - (-36 + 28)) + -27
-34
Calculate -8 + 1 - (38 + (26 - 53) + -27).
9
Evaluate (-25 - -10 - 1) + -110 + (11 - 2) - 4.
-121
Calculate -63 + 101 - 111 - (-10 + 1 + 1 + -3).
-62
Evaluate 20 - 8 - 68 - (-1 - 1).
-54
What is 136 + -143 + 3 + (-2 - -2) + (-61 - -25)?
-40
What is -1 + -5 - ((-14 - 0) + (3 - 129 - -57))?
77
59 - ((-1 + 5 - -8) + 113 + -111)
45
Evaluate (6 + -3 - (-30 + 2)) + (105 - 98).
38
Calculate 15 + (-39 - (-29 + 56)).
-51
Evaluate -6 + (-14 - (-12 - -10 - (78 + 1))).
61
(-12 + 13 - -159) + (-75 - -43 - -9)
137
(38 + -6 - -3) + -157 + 131
9
What is -25 - -2 - (-97 - (-73 - 17) - (-1 - 2))?
-19
Calculate (-42 + 10 - -52) + (14 - 5).
29
Evaluate -70 - (-25 + 27 + -5 + -6).
-61
What is the value of -107 + (23 - 1 - (106 + -96)) + -22?
-117
What is the value of 9 - -47 - 33 - (14 - 46)?
55
Calculate -41 + 31 + -286 + 155.
-141
Calculate -15 - (25 + -45 + -24 + -92).
121
Calculate -45 - -34 - -41 - 61.
-31
Calculate 46 + (27 - (29 + -2)).
46
What is the value of 30 + -69 + (-37 + 22 - 10)?
-64
What is (-13 - -73) + 13 + -63?
10
Calculate -8 - (-44 + (16 - (6 + 1)) + (-11 - -8)).
30
Calculate -34 + (-44 - -59) + -16 + 4.
-31
(57 - (20 - -40)) + (1 - (0 - -2) - -79)
75
Calculate 1 - 15 - (7 + 2 + 6 + -26).
-3
What is the value of (83 - 2) + 30 + -16 + -39 + 18?
74
What is (-50 - -43) + (23 - (-3 + 11))?
8
What is 13 + (18 + -4 - -5 - 22) - 124?
-114
Calculate (0 - 6) + 2 + 53 - (-38 - (-54 + 27)).
60
What is the value of (-16 - -31) + (8 - 39) + -14?
-30
Calculate -9 + 12 + 2 - (18 + 17 + -36).
6
Calculate -42007 + 42002 - (-2 - (2 + (-56 - 1))).
-58
Evaluate 15 + 2 + (38 - 5 - (-11 - -29)).
32
Calculate ((-34 - -23) + 58 - -8) + 1 - -24.
80
Evaluate (-19 - -58) + 14 + -4 + -6.
43
(-95 - -96) + 81 + -57
25
What is -3 + (-4 - -14 - 0) + 119 + -116 + -104?
-94
1 - (13 + -11 + (5 - -7) + -7) - -55
49
-14 - -30 - ((-5 - 7) + 63 + -4)
-31
Evaluate 37 + (-2 - -20 - 28 - -43).
70
What is the value of 14 - -1 - ((-44 - -46) + 42 + -20)?
-9
What is the value of 1512 + -1543 + (1 - -1) + 59?
30
Evaluate 9 + (-5 - (12 + -17) - -11) + -150.
-130
44 + (1 - 59 - -14) + 27
27
What is the value of -9 + -1 - (445 + -440) - -20?
5
What is the value of 39 + 24 + (3 - 1) - (-8 - 12)?
85
What is -14 + 2 + -5 + -303 + 325?
5
What is 40 + 21 + -43 + -32 + -3?
-17
-19 + (-48 - 31) + 145
47
Evaluate (8 - (-9 + 8)) + (69 - 65).
13
What is 7 + (-1 + -35 - -71)?
42
-74 + (30 - (-95 - -62))
-11
What is 107 + -114 + -24 + 88?
57
(17 - -1) + (-190 - -241) + (-18 - -1)
52
What is (105 + -94 - (-3 + 33)) + 19 - (-76 - 0)?
76
What is the value of -103 + ((-8 - -20) + -18 - 29 - -20)?
-118
Evaluate (15 + -11 + 8 + -10 - 84) + 20.
-62
What is the value of -111 - -51 - -14 - 72?
-118
Calculate -65 - (-8 + 4) - (1 + -14).
-48
1 + 11 - 0 - (1 + -16 + 2)
25
Calculate -6 + -2 + 2 + (45 - 25) + -57.
-43
What is the value of (1 - -41 - ((15 - -27) + -50) - 6) + 9?
53
Calculate 9 + (-13 + 0 - 29 - 1) + -7.
-41
Evaluate -2475 + 2533 + (2 + -25 - -1).
36
Calculate 115 + (2 - 32) - 15.
70
12 - (-9 + 20 + -7) - ((-3 - 0) + 42)
-31
9 - (194 - (43 + -34 + 26))
-150
Evaluate (56 - 53 - (-1 - -11)) + (21 - 14).
0
What is the value of -46 + (66 - (87 - 15))?
-52
Evaluate -4 - 2 - -47 - ((-15 - 23) + 14 + 38).
27
Evaluate (30 - (-27 - -52)) + -18.
-13
12 + -13 + (3 - 14) + -3 + -39
-54
What is 0 + -4 + (3 - (73 - -6)) - (-55 - -47)?
-72
46 + (-65 - -27) + -71
-63
What is the value of (-29 - (-16 + -30 + 28)) + 54?
43
Calculate (141 - 31) + -124 + 45.
31
Calculate (-75 - -3) + -1 + 1 + 1 + (-501 - -488).
-84
129 + -13 + (-13 - (7 + -17)) - -7
120
Evaluate (38 - -12 - -6) + 7 - (-4 - (0 + 2)).
69
What is 32 - ((1 - -7) + (96 - 114))?
42
Calculate (2 - 121) + 6 - (137 - 137) - -10.
-103
Calculate 93 + (-6 - 20) + -173.
-106
Evaluate 6 - (-6 - -123) - (33 + -21 - (-1 + 16)).
-108
Calculate 71 + (0 + 15 - (-6 - -31)).
61
Calculate (-30 - 36) + 28 - (20 + -24).
-34
What is the value of 1 + (-22 - (-5 - -23) - 14)?
-53
Calculate 10 + 24 + (-24 - 23) - (-1 + -14).
2
Calculate 7 + (36 - -35 - 31).
47
What is the value of -1 - 102 - (55 + -14 + -17 - 10) - -16?
-101
Evaluate (9 - (-2 - (-4 - (-2 + 0)))) + (-16939 - -16939).
9
What is the value of 91 + -77 - (-6 - -21)?
-1
-34 - (-22 - (59 + -48))
-1
Evaluate -24 + 1 + (-65 - (3 - 31)) + -13.
-73
(-86 - 1) + (0 - (-18 + -6))
-63
What is 1 + 37 - (-33 + 13 + 15) - 2?
41
Calculate -43 + 62 + (-32 - -3).
-10
Calculate (-2 - 42) + 6 + 258 + -255.
-35
Calculate -1018 + 1043 + -1 + -35 + (-36 - (1 + 1)).
-49
Evaluate 77 + 10 - (-3 - -68).
22
Calculate 1 + 1 + -44 + 31 + -58 + -35 + 63.
-41
What is (-6 - 7) + (-5 - -8 - 1 - 0 - 16)?
-27
What is the value of (33 - (94 + -12)) + 20 + -2 + 0?
-31
What is -26 - (16 - (12 + 15 - 13))?
-28
Calculate 83 - (-141 + 50 + 82).
92
Calculate -12 + 15 + -20 + -2 + -21.
-40
Evaluate (1412 - 1405) + (-12 - -11 - (15 - (2 - 2))).
-9
What is the value of 38 + (-90 - (-88 - -4))?
32
Evaluate (118 + -229 - -98) + (0 - 30).
-43
-18 + (-18 - 60 - 4) - (-9 + 1 - -6)
-98
Evaluate 40 + -56 + 24 + -32.
-24
Evaluate (0 - -90 - (-114 + (228 - 112))) + -1.
87
What is the value of (36 - 12 - (-2 + 3)) + -15 + -65?
-57
What is the value of 10 - (81 + (16 - 1) - -10)?
-96
10 + 3 - (65 + -1 - (-40 - -80 - 46))
-57
What is the value of (64 - 21) + -23 + -80 + -1 + 4?
-57
Evaluate (673 - 644) + 12 + -8 + 14.
47
Calculate (1 + -17 - (6 + -35 + 18)) + 0 + 78.
73
What is (14 - 2) + (5 - 6) + (44 - 39)?
16
Calculate (-209 - -43 - -59) + 1 + -3 - (-10 - -11).
-110
Calculate -118 + 33 - -50 - -13.
-22
Calculate 29 + (24 - (-15 + 5 + 46)).
17
What is (-2 - -126) + 29 + (16 - 66) + 14?
117
Evaluate 3 + (-2 + -21 - (190 - 206)).
-4
Calculate -26 - -6 - (-91 + (-93 - -102)).
62
What is the value of -2 + (7 - (5 - (9 - 3))) + (-110 - -125)?
21
Calculate 68 - (-64 - -52 - -45).
35
What is the value of -86 - (67 + 13 + -53)?
-113
Calculate (9 - -3) + -2 + -35 + -34.
-59
Evaluate (-13 - (-15 + 75 + 9 - 11)) + 4.
-67
Calculate 0 - 8 - (-1 + -1 - (71 - 65)) - 49.
-49
What is 15 + (-3 - 11) + 14 + (5 - 75)?
-55
10 + (-7 - 83 - (-24 - -18 - -8))
-82
Evaluate -8 + (63 + -39 - 75) + -15.
-74
What is the value of -14 + (1 - -1) + 29 - 44?
-27
Calculate 5 + (-81 + 115 - 69).
-30
Evaluate -542 + 490 + -1 + -4 + -5.
-62
Evaluate 3 + (26 - (-8 + 12)) + (16 - 0).
41
What is the value of (6 - -2) + -31 + (-29 - -28)?
-24
What is the value of (-2 - 3 - 13) + -73 + 81?
-10
What is 1 - -8 - (-5 + 18 - (-100 + 79))?
-25
90 + -33 + (-5 - 2) - (0 + -5)
55
What is the value of (4 - -57) + 6 + -91?
-24
What is the value of -20 - -1 - (-72 + -52 + (2 - -17))?
86
Evaluate -88 - (-14 + (30 - (-11 + 20)) + (-2 - 11)).
-82
Calculate -6 + (9 - -42) + 17 + -6 - 10.
46
Evaluate -65 - ((3 - 8) + 0) - (-384 - -399).
-75
What is the value of (-1414 - -1337) + (-2 - 5 - (-1 - 4 - -2))?
-81
What is the value of 90 + (-70 - -86) + -157?
-51
(-4 - 29 - -173) + -4 - 31
105
Evaluate -2 + -48 + -1 - (-26 - 19 - -41).
-47
Evaluate 48 - ((-71 - -60) + 100).
-41
Calculate (1876 + -1837 - (-2 + 127)) + 9.
-77
Calculate 4 + 0 - ((3 + 0 - 1) + (5770 - 5776)).
8
Calculate 21 + -63 + (92 - 82).
-32
What is the value of 75 + 10 - (1 - 6) - (523 - 517)?
84
What is 9 + -2 + -3 + -7 + (-98 - -101)?
0
Calculate 8 + 35 + -11 - 70 - -46.
8
What is the value of 3 - (-2279 + 2276 - (-2 -